{"id":920,"date":"2023-06-14T12:15:36","date_gmt":"2023-06-14T17:15:36","guid":{"rendered":"https:\/\/www.vcgpartners.mx\/?page_id=920"},"modified":"2026-04-08T16:53:35","modified_gmt":"2026-04-08T22:53:35","slug":"nuestro-equipo","status":"publish","type":"page","link":"https:\/\/www.vcgpartners.mx\/eng\/nuestro-equipo\/","title":{"rendered":"Nuestro equipo"},"content":{"rendered":"<div class=\"row\"  id=\"row-444802289\">\n\n\n\t<div id=\"col-23322906\" class=\"col medium-10 small-12 large-10\"  >\n\t\t\t\t<div class=\"col-inner\"  >\n\t\t\t\n\t\t\t\n\n\t<div id=\"text-1021128291\" class=\"text\">\n\t\t\n\n<h1>Meet the team<\/h1>\n\t\t\n<style>\n#text-1021128291 {\n  font-size: 1.15rem;\n  color: #1b223c;\n}\n#text-1021128291 > * {\n  color: #1b223c;\n}\n<\/style>\n\t<\/div>\n\t\n\n\t\t<\/div>\n\t\t\t\t\t<\/div>\n\n\t\n\n\t<div id=\"col-1052801114\" class=\"col medium-4 small-12 large-4\"  >\n\t\t\t\t<div class=\"col-inner box-shadow-2 box-shadow-3-hover\" style=\"background-color:rgb(255,255,255);\" >\n\t\t\t\n\t\t\t\n\n\t<div id=\"text-327752201\" class=\"text\">\n\t\t\n\n<h3>Antonio Vite<\/h3>\n\t\t\n<style>\n#text-327752201 {\n  font-size: 1.2rem;\n  color: #1b223c;\n}\n#text-327752201 > * {\n  color: #1b223c;\n}\n<\/style>\n\t<\/div>\n\t\n\t<div id=\"text-1429664117\" class=\"text\">\n\t\t\n\n<p>Partner<\/p>\n\n\t\t\n<style>\n#text-1429664117 {\n  font-size: 0.95rem;\n  line-height: 0.75;\n  color: #1b223c;\n}\n#text-1429664117 > * {\n  color: #1b223c;\n}\n<\/style>\n\t<\/div>\n\t\n\t<div id=\"text-3208375103\" class=\"text\">\n\t\t\n\n<p><a href=\"mailto:avite@vcgpartners.mx\">avite@vcgpartners.mx<\/a><\/p>\n\t\t\n<style>\n#text-3208375103 {\n  font-size: 0.95rem;\n}\n<\/style>\n\t<\/div>\n\t\n\t<div id=\"text-2104838426\" class=\"text\">\n\t\t\n\n<p>Mr. Vite obtained his Public Accounting and Financial Strategist degree from Instituto Tecnol\u00f3gico Aut\u00f3nomo de M\u00e9xico (ITAM), where he also...<\/p>\n\t\t\n<style>\n#text-2104838426 {\n  font-size: 0.95rem;\n}\n<\/style>\n\t<\/div>\n\t\n<a href=\"https:\/\/www.vcgpartners.mx\/eng\/featured_item\/antonio-vite\/\" class=\"button primary is-small reveal-icon hide-for-small\"  style=\"padding:0px 30px 0px 30px;\">\n\t\t<span>Read more<\/span>\n\t<i class=\"icon-angle-right\" aria-hidden=\"true\" ><\/i><\/a>\n\n\n<a href=\"https:\/\/www.vcgpartners.mx\/eng\/featured_item\/antonio-vite\/\" class=\"button primary is-small expand show-for-small\"  >\n\t\t<span>Read more<\/span>\n\t<i class=\"icon-angle-right\" aria-hidden=\"true\" ><\/i><\/a>\n\n\n\n\t\t<\/div>\n\t\t\t\t\n<style>\n#col-1052801114 > .col-inner {\n  padding: 25px 25px 20px 25px;\n  border-radius: 6px;\n}\n<\/style>\n\t<\/div>\n\n\t\n\n\t<div id=\"col-2062572951\" class=\"col medium-4 small-12 large-4\"  >\n\t\t\t\t<div class=\"col-inner box-shadow-2 box-shadow-3-hover\" style=\"background-color:rgb(255,255,255);\" >\n\t\t\t\n\t\t\t\n\n\t<div id=\"text-2521701064\" class=\"text\">\n\t\t\n\n<h3>Eduardo Garc\u00eda<\/h3>\n\t\t\n<style>\n#text-2521701064 {\n  font-size: 1.2rem;\n  color: #1b223c;\n}\n#text-2521701064 > * {\n  color: #1b223c;\n}\n<\/style>\n\t<\/div>\n\t\n\t<div id=\"text-113290911\" class=\"text\">\n\t\t\n\n<p>Partner<\/p>\n\t\t\n<style>\n#text-113290911 {\n  font-size: 0.95rem;\n  line-height: 0.75;\n  color: #1b223c;\n}\n#text-113290911 > * {\n  color: #1b223c;\n}\n<\/style>\n\t<\/div>\n\t\n\t<div id=\"text-124249574\" class=\"text\">\n\t\t\n\n<p><a href=\"mailto:egarcia@vcgpartners.mx\">egarcia@vcgpartners.mx<\/a><\/p>\n\t\t\n<style>\n#text-124249574 {\n  font-size: 0.95rem;\n}\n<\/style>\n\t<\/div>\n\t\n\t<div id=\"text-3360296516\" class=\"text\">\n\t\t\n\n<p>Mr. Garc\u00eda obtained his Business Administration degree and Public Accountant and Financial Strategist degree from ITAM, graduating...<\/p>\n\t\t\n<style>\n#text-3360296516 {\n  font-size: 0.95rem;\n}\n<\/style>\n\t<\/div>\n\t\n<a href=\"https:\/\/www.vcgpartners.mx\/eng\/featured_item\/eduardo-garcia\/\" class=\"button primary is-small reveal-icon hide-for-small\"  style=\"padding:0px 30px 0px 30px;\">\n\t\t<span>Read more<\/span>\n\t<i class=\"icon-angle-right\" aria-hidden=\"true\" ><\/i><\/a>\n\n\n<a href=\"https:\/\/www.vcgpartners.mx\/eng\/featured_item\/eduardo-garcia\/\" class=\"button primary is-small expand show-for-small\"  >\n\t\t<span>Read more<\/span>\n\t<i class=\"icon-angle-right\" aria-hidden=\"true\" ><\/i><\/a>\n\n\n\n\t\t<\/div>\n\t\t\t\t\n<style>\n#col-2062572951 > .col-inner {\n  padding: 25px 25px 20px 25px;\n  border-radius: 6px;\n}\n<\/style>\n\t<\/div>\n\n\t\n\n\t<div id=\"col-1057843387\" class=\"col medium-4 small-12 large-4\"  >\n\t\t\t\t<div class=\"col-inner box-shadow-2 box-shadow-3-hover\" style=\"background-color:rgb(255,255,255);\" >\n\t\t\t\n\t\t\t\n\n\t<div id=\"text-3603622267\" class=\"text\">\n\t\t\n\n<h3>Ana Cecilia Gonz\u00e1lez<\/h3>\n\t\t\n<style>\n#text-3603622267 {\n  font-size: 1.2rem;\n  color: #1b223c;\n}\n#text-3603622267 > * {\n  color: #1b223c;\n}\n<\/style>\n\t<\/div>\n\t\n\t<div id=\"text-713096138\" class=\"text\">\n\t\t\n\n<p>Of-Counsel<\/p>\n\t\t\n<style>\n#text-713096138 {\n  font-size: 0.95rem;\n  line-height: 0.75;\n  color: #1b223c;\n}\n#text-713096138 > * {\n  color: #1b223c;\n}\n<\/style>\n\t<\/div>\n\t\n\t<div id=\"text-3146991041\" class=\"text\">\n\t\t\n\n<p><a href=\"mailto:acgonzalez@vcgpartners.mx\">acgonzalez@vcgpartners.mx<\/a><\/p>\n\t\t\n<style>\n#text-3146991041 {\n  font-size: 0.95rem;\n}\n<\/style>\n\t<\/div>\n\t\n\t<div id=\"text-1593153213\" class=\"text\">\n\t\t\n\n<p>Mrs. Gonz\u00e1lez obtained her Public Accountant degree (BS) from ITAM, where she also completed a diploma in Tax Law. She also has a...<\/p>\n\t\t\n<style>\n#text-1593153213 {\n  font-size: 0.95rem;\n}\n<\/style>\n\t<\/div>\n\t\n<a href=\"https:\/\/www.vcgpartners.mx\/eng\/featured_item\/ana-cecilia-gonzalez\/\" class=\"button primary is-small reveal-icon hide-for-small\"  style=\"padding:0px 30px 0px 30px;\">\n\t\t<span>Read more<\/span>\n\t<i class=\"icon-angle-right\" aria-hidden=\"true\" ><\/i><\/a>\n\n\n<a href=\"https:\/\/www.vcgpartners.mx\/eng\/featured_item\/ana-cecilia-gonzalez\/\" class=\"button primary is-small expand show-for-small\"  >\n\t\t<span>Read more<\/span>\n\t<i class=\"icon-angle-right\" aria-hidden=\"true\" ><\/i><\/a>\n\n\n\n\t\t<\/div>\n\t\t\t\t\n<style>\n#col-1057843387 > .col-inner {\n  padding: 25px 25px 20px 25px;\n  border-radius: 6px;\n}\n<\/style>\n\t<\/div>\n\n\t\n\n<\/div>\n\t<div id=\"gap-1637827537\" class=\"gap-element clearfix\" style=\"display:block; height:auto;\">\n\t\t\n<style>\n#gap-1637827537 {\n  padding-top: 50px;\n}\n@media (min-width:550px) {\n  #gap-1637827537 {\n    padding-top: 200px;\n  }\n}\n<\/style>\n\t<\/div>","protected":false},"excerpt":{"rendered":"","protected":false},"author":1,"featured_media":0,"parent":0,"menu_order":0,"comment_status":"closed","ping_status":"closed","template":"","meta":{"footnotes":""},"class_list":["post-920","page","type-page","status-publish","hentry"],"_links":{"self":[{"href":"https:\/\/www.vcgpartners.mx\/eng\/wp-json\/wp\/v2\/pages\/920","targetHints":{"allow":["GET"]}}],"collection":[{"href":"https:\/\/www.vcgpartners.mx\/eng\/wp-json\/wp\/v2\/pages"}],"about":[{"href":"https:\/\/www.vcgpartners.mx\/eng\/wp-json\/wp\/v2\/types\/page"}],"author":[{"embeddable":true,"href":"https:\/\/www.vcgpartners.mx\/eng\/wp-json\/wp\/v2\/users\/1"}],"replies":[{"embeddable":true,"href":"https:\/\/www.vcgpartners.mx\/eng\/wp-json\/wp\/v2\/comments?post=920"}],"version-history":[{"count":37,"href":"https:\/\/www.vcgpartners.mx\/eng\/wp-json\/wp\/v2\/pages\/920\/revisions"}],"predecessor-version":[{"id":1175,"href":"https:\/\/www.vcgpartners.mx\/eng\/wp-json\/wp\/v2\/pages\/920\/revisions\/1175"}],"wp:attachment":[{"href":"https:\/\/www.vcgpartners.mx\/eng\/wp-json\/wp\/v2\/media?parent=920"}],"curies":[{"name":"wp","href":"https:\/\/api.w.org\/{rel}","templated":true}]}}